etermine g(-9).
12
Suppose 0 = 7*p - 1 + 29. Let x(d) = -3*d - 3. Calculate x(p).
9
Let c(l) = l**2 + 7*l - 3. Let f be -7 + 7 + -8 + 2. Give c(f).
-9
Let v(c) = -31827*c**2 + 5*c + c**3 - 3*c + 2 + 31821*c**2. Give v(6).
14
Let m(v) be the third derivative of -v**8/20160 - v**7/1680 + v**6/180 - 11*v**5/30 - 19*v**2. Let r(t) be the third derivative of m(t). What is r(-4)?
0
Let d(j) = j**2 - 4*j + 4. Let f = -947 - -950. Calculate d(f).
1
Suppose -18 = s + 2*s. Suppose 7 + 6 = -n + 4*p, 3*n = -3*p + 21. Let r(j) = -5*j**2 - 4*j - 2 + 100*j**3 - 101*j**n + 9 + 9*j. Determine r(s).
13
Let u(p) = -7*p + 1. Let i = -65 + 98. Let n = i + -32. What is u(n)?
-6
Let k(o) = -o**2 - o - 6. Let b(v) = -v**2 - v - 5. Let p(r) = 6*b(r) - 5*k(r). Let u = 9 + -7. Suppose -u*d = -7*d + 4*q + 10, -5*q = 4*d + 33. Determine p(d).
-2
Let w = 94 - 12. Let f = w - 79. Let s(o) = 3*o**2 - 3*o. Determine s(f).
18
Let r(m) = -3*m**3 + 4*m**2 - 3*m + 1. Let a(c) = -4*c - 2*c + 0*c - 4*c + c**2 + 11. Let g be a(9). Determine r(g).
-13
Let b = 4 - 3. Let k be (2 - b) + 0 - 2. Let c(v) = 7*v**2 + 4*v + 3. Let z(f) = f + 1. Let h(s) = c(s) - 3*z(s). What is h(k)?
6
Let z be 1/2 + 5/2. Let l(t) = 0*t + z - t - 2. Let o be 0/(-7 - (-3 - 3)). What is l(o)?
1
Let k(l) = -4*l. Let q = -5 - -6. Suppose 2*o = q - 3. What is k(o)?
4
Let r(n) = -6*n + 36. Let b be r(7). Let x(t) be the second derivative of t**4/12 + t**3/2 - t**2/2 - 27*t. Calculate x(b).
17
Let r(c) be the second derivative of c**3/6 + 29*c**2/2 + 2*c - 99. Give r(-25).
4
Suppose -3*l + 6*h - 18 = 4*h, 5*l = 4*h - 32. Let j(a) = 2*a**2 + 5*a. Determine j(l).
12
Let x(j) = j**2 - 6*j. Suppose 0 = -2*b - 29 - 9. Let y be (-4)/(-6) - (b/3 - 0). Calculate x(y).
7
Suppose -18*q + 111 = -51. Let l(d) = d + 20. Calculate l(q).
29
Let b(m) = m**2 + 13*m - 71. Let o be b(-17). Let t(u) = u**3 - u + 6. What is t(o)?
-18
Let z be 1*6*113/226. Let x(i) = 2*i**2 + i - 1. Determine x(z).
20
Let p(f) = -2*f + 2. Let k be p(-26). Let h = 60 - k. Let g(r) = -r + 2. Calculate g(h).
-4
Let g(d) = -d**3 + 4*d**2 - 3*d + 3. Let h(v) = v**2 + 12*v + 12. Let l be h(-11). Let m be 14*l*(11 - 12). Let t be (-69)/(-21) + 4/m. What is g(t)?
3
Let j(c) = 7*c**2 + c - 7. Let b(h) = 4*h**2 - 4*h. Let u(y) = -5*y**2 + 5*y. Let o(g) = -6*b(g) - 5*u(g). Let n(w) = -j(w) + 6*o(w). What is n(-6)?
13
Suppose -172 + 796 = 12*x. Let j(i) = i + x + 50 - 99 - 2*i. Determine j(3).
0
Suppose -2 = -3*t - 5*m - 27, -t = -4*m - 20. Let y be (-1)/((-7)/14*(-1 - t)). Let x(j) be the first derivative of -2*j**3/3 - j**2 - j + 3. What is x(y)?
-5
Suppose 0 = -3*u + 4*i + 25, -u + 8 = -5*u - 5*i. Let k(b) = -b**2 + 3*b - 4. Determine k(u).
-4
Suppose 4*b + 29 = 3*i, 0 = -5*i - b + 2*b + 20. Let o(j) = -j + 5. Let f be o(i). Let x(a) = a - 3 - f + 4 + 3. Give x(-5).
-3
Let c be -1 - 6/4*10/3. Let q(s) = -s**2 - 7*s - 6. Let p(f) = 29 + 35*f - f**2 + 9*f**2 - 3*f**2. Let l(g) = 2*p(g) + 11*q(g). Determine l(c).
-2
Let l(m) = -6*m - 2. Let u(v) = 2. Let q(p) = -3. Let j(o) = -5*q(o) - 7*u(o). Let n(h) = -j(h) - l(h). What is n(1)?
7
Let u(b) be the third derivative of b**4/12 - 7*b**3/6 + b**2. Let f(v) = 6*v - 27. Let i be f(14). Let w = -52 + i. Calculate u(w).
3
Let x be ((-154)/(-6))/(-7)*3. Let z = 7 + x. Let r(j) = -2*j + 2 + 2 - 2 - 4. Calculate r(z).
6
Suppose 10*s - 8*s + 20 = 0. Let i be s/(-4)*20/(-25). Let d(t) = 3*t**2. Determine d(i).
12
Let u(x) = -x**3 - 7*x**2 - 6*x - 9. Suppose 36 = -2214*f + 2208*f. Give u(f).
-9
Let q(c) = -3*c + 28. Let y(s) = 6*s - 59. Let w(v) = -13*q(v) - 6*y(v). What is w(-7)?
-31
Let p(f) be the first derivative of f**4/4 - 4*f**3/3 + 2*f**2 - 2*f - 26. What is p(3)?
1
Let r(o) = 2*o + 3. Let v(c) = 10*c**3 + 2*c**2 - 3*c + 1. Let i be v(1). Let f = -12 + i. Give r(f).
-1
Suppose 3*b + 2*i = 14, 3*i - 18 + 6 = -3*b. Let f(q) = 3*q**2 - 7 + 0*q**2 + 9*q - 4*q**2. Give f(b).
11
Let v(g) = g**3 - 3*g**2 - 3. Let u(m) = m**2 - 18*m + 25. Let w be u(13). Let k = -36 - w. What is v(k)?
13
Let l(u) = u**2 + 3*u - 74 + 140 + u**2 - 66. What is l(-4)?
20
Let n = -2834 - -2836. Let s(z) = -4*z**2 - 3*z - 13. Let j = -3 - -6. Let y(o) = 2*o**2 + o + 6. Let b(i) = j*s(i) + 7*y(i). Give b(n).
7
Suppose -2*u + 2*m - 4 = 0, 0 = -2*u - 5*m + 3*m - 24. Let k(i) = i**3 + 7*i**2 - i + 2. Determine k(u).
9
Let m(t) be the third derivative of t**4/12 - t**3/2 + 538*t**2. Give m(-8).
-19
Let h(s) = -1100*s**2 - 6 - 3*s + 1103*s**2 + 2*s. What is h(-3)?
24
Let c(r) = -r**2 - r + 1. Let p(d) = -3*d**2 - d + 4. Let v(f) = 2*c(f) - p(f). Suppose -2*y + 4 = -2*o, -o + 6*y = 8*y - 4. Give v(o).
-2
Let l be 8/(-24) + 50/6. Let f(n) = -l*n**2 - 8*n**2 - 2*n + 32*n**2 - 2 - 13*n**2 - n**3. Give f(3).
-8
Let a(t) = -6*t**3 - 15*t**2 - 10*t - 36. Let o(w) be the first derivative of w**4/4 + w**3 + w**2 + 7*w + 12. Let h(k) = 2*a(k) + 11*o(k). Determine h(4).
-3
Let o(w) be the third derivative of w**7/840 + w**6/120 + w**5/60 - w**4/24 - 13*w**3/6 + 23*w**2. Let m(c) be the first derivative of o(c). Determine m(-3).
-7
Let d(y) = -y**3 - 9*y**2 + 10*y + 6. Suppose -3*l = -5*i - 38, -2*i + l = 3*i + 46. What is d(i)?
6
Suppose 0 = 5*j + 6 + 19. Let l(w) = -5*w**2 - 2*w + 1. Let h(m) = -4*m**2 - 3*m. Let b be (-2)/8*-4 - -3. Let q(a) = b*h(a) - 3*l(a). Calculate q(j).
2
Let s(n) = -2*n - 1. Suppose -2*i + 36 = 3*i + 4*v, -4*i = -3*v - 4. Let c(w) = -10*w - 8. Let z(f) = i*s(f) - c(f). Determine z(-3).
-2
Let i(n) = n**3 - n**2 + n - 6. Suppose -6*k + 140 = -2*k. Suppose -k = -4*l - 11. Suppose -7*m + l*m = 0. What is i(m)?
-6
Let c(m) = 10*m**2 + 2*m - 15. Let d(o) = -2*o**2 + 2. Let t(k) = -c(k) - 6*d(k). Give t(2).
7
Let z(n) = -2*n**2 - 14*n + 18. Let g be z(-8). Let h(w) = -3 + 8 + w - g. Calculate h(-5).
-2
Let x(a) = -9*a**2 - 13*a - 8. Let l(o) = -11*o**2 - 14*o - 9. Let p(f) = 4*l(f) - 5*x(f). Give p(-7).
-10
Suppose 0 = -2*r - r + 12. Suppose -r*d + 15 = 39. Let g(n) be the second derivative of n**4/12 + 7*n**3/6 + 2*n**2 + 4*n. Determine g(d).
-2
Let z(g) = 7*g**3 - g. Let n be z(-1). Let s be -2*1 + (16 - 13). Let h(k) = -s + k - 6*k**2 + 3*k - k**3 - 3*k + 3. Determine h(n).
-4
Let s(n) = -n**2 - 5*n - 19 - 3 + 19*n + 1 - 6. Give s(12).
-3
Let t = 71 + -66. Let w(p) = -3*p + 6. Give w(t).
-9
Let n(t) = -5*t**2 - 2*t + 2. Let y be ((-3)/9)/((-17)/51). What is n(y)?
-5
Suppose 0 = 5*s + 7 + 58. Let y = s + 18. Suppose 3*v = y*v - 10. Let x(b) = -b - 2. What is x(v)?
-7
Let y(k) be the third derivative of -k**8/6720 + k**7/1680 - k**6/720 - 29*k**5/60 + 5*k**2. Let g(d) be the third derivative of y(d). Give g(2).
-7
Let u(p) be the first derivative of -p**4/12 - p**3/6 + p**2/2 + 10*p - 8. Let i(d) be the first derivative of u(d). Determine i(-3).
-5
Let i(c) = -2*c**2 + c + 1. Let k(o) = o**3 - 9*o**2 + 7. Let p(m) = 4*i(m) - k(m). Let h = 0 + 2. Give p(h).
1
Suppose 0 = 6*n + 6 - 18. Suppose n*g + 0*g + 6 = 4*m, 4*m + 15 = -5*g. Let r(c) = c**2 + 2*c + 1. Give r(g).
4
Let o = -207 + 203. Let g(i) = -3*i**2 + 2*i - 7. Let z(q) = -q**2 - 1. Let n(m) = -g(m) + 4*z(m). Let b(h) be the first derivative of n(h). Give b(o).
6
Let z(x) = -x**3 + 3*x**2 - 4*x + 14. Let d be z(3). Suppose 24 - 30 = d*v. Let f(i) = -i**2 + i + 1. Give f(v).
-11
Let d(j) be the first derivative of j**5/60 - j**4/24 + 5*j**3/6 + 5*j**2 - 8. Let b(c) be the second derivative of d(c). Let p be (-2 + 2)*1/(-2). Give b(p).
5
Suppose 7 = 2*y - 3. Let r(h) = -h + y - 1 - 1. Determine r(-8).
11
Let q(p) = 7*p**2 - 10*p**3 - 5*p**3 + 8*p + 14*p**3 + 0 - 4. Give q(8).
-4
Let l(x) = x + 8. Suppose 2*t - 1 = 3. Suppose 0 = -t*o - o + 3. Suppose 2*y - 5*z + 6 = o, z - 1 = 3*y. Determine l(y).
8
Suppose -2*d + 3 = -n - 7, 3*n - 2*d = -10. Let p(j) = 0*j - j - 2 - j + n. What is p(5)?
-12
Let r(a) = 4*a + 2. Let j(b) = -b. Let x(d) = -3*j(d) - r(d). Let t(n) = -7*n + n - n + 5 + n**2. Let g be t(7). Calculate x(g).
-7
Let h be (-40)/70*(0 - (-28)/8). Let i(b) = 4*b + 6. What is i(h)?
-2
Let z(j) be the second derivative of j**6/720 - 23*j**5/120 - 7*j**4/4 - 2*j - 2. Let t(w) be the third derivative of z(w). Give t(11).
-12
Let o(m) = m**3 + m**2 + 17. Let p = 122 + -112. Suppose 5 = -2*i + g, -11*i + p*i - 2*g + 10 = 0. Determine o(i).
17
Let c be 6/(-8)*(0 - (-24)/(-9)). Let q(g) 